CRAN Package Check Results for Package hexSticker

Last updated on 2020-01-25 04:46:51 CET.

Flavor Version Tinstall Tcheck Ttotal Status Flags
r-devel-linux-x86_64-debian-clang 0.4.6 4.74 43.90 48.64 NOTE
r-devel-linux-x86_64-debian-gcc 0.4.6 4.46 33.40 37.86 NOTE
r-devel-linux-x86_64-fedora-clang 0.4.6 63.45 NOTE
r-devel-linux-x86_64-fedora-gcc 0.4.6 61.00 NOTE
r-devel-windows-ix86+x86_64 0.4.6 18.00 94.00 112.00 OK
r-devel-windows-ix86+x86_64-gcc8 0.4.6 27.00 61.00 88.00 OK
r-patched-linux-x86_64 0.4.6 4.08 38.89 42.97 OK
r-patched-solaris-x86 0.4.6 81.20 OK
r-release-linux-x86_64 0.4.6 4.31 38.18 42.49 OK
r-release-windows-ix86+x86_64 0.4.6 14.00 82.00 96.00 OK
r-release-osx-x86_64 0.4.6 OK
r-oldrel-windows-ix86+x86_64 0.4.6 7.00 51.00 58.00 OK
r-oldrel-osx-x86_64 0.4.6 OK

Check Details

Version: 0.4.6
Check: for non-standard things in the check directory
Result: NOTE
    Found the following files/directories:
     'hexSticker.png'
Flavors: r-devel-linux-x86_64-debian-clang, r-devel-linux-x86_64-debian-gcc, r-devel-linux-x86_64-fedora-clang, r-devel-linux-x86_64-fedora-gcc