CRAN Package Check Results for Package heplots

Last updated on 2021-04-21 11:53:31 CEST.

Flavor Version Tinstall Tcheck Ttotal Status Flags
r-devel-linux-x86_64-debian-clang 1.3-8 8.90 144.76 153.66 OK
r-devel-linux-x86_64-debian-gcc 1.3-8 7.78 106.14 113.92 OK
r-devel-linux-x86_64-fedora-clang 1.3-8 189.64 NOTE
r-devel-linux-x86_64-fedora-gcc 1.3-8 175.74 OK
r-devel-windows-ix86+x86_64 1.3-8 17.00 132.00 149.00 OK
r-devel-windows-x86_64-gcc10-UCRT 1.3-8 ERROR
r-patched-linux-x86_64 1.3-8 10.85 133.93 144.78 WARN
r-patched-solaris-x86 1.3-8 215.60 OK
r-release-linux-x86_64 1.3-8 8.60 134.51 143.11 OK
r-release-macos-x86_64 1.3-8 OK
r-release-windows-ix86+x86_64 1.3-8 19.00 178.00 197.00 OK
r-oldrel-macos-x86_64 1.3-8 OK
r-oldrel-windows-ix86+x86_64 1.3-8 18.00 168.00 186.00 OK

Check Details

Version: 1.3-8
Check: Rd cross-references
Result: NOTE
    Undeclared packages ‘Sleuth2’, ‘rrcov’, ‘carData’, ‘qqtest’ in Rd xrefs
Flavor: r-devel-linux-x86_64-fedora-clang

Version: 1.3-8
Check: package dependencies
Result: NOTE
    Package suggested but not available for checking: 'rgl'
Flavor: r-devel-windows-x86_64-gcc10-UCRT

Version: 1.3-8
Check: Rd cross-references
Result: NOTE
    Package unavailable to check Rd xrefs: 'rgl'
Flavor: r-devel-windows-x86_64-gcc10-UCRT

Version: 1.3-8
Check: examples
Result: ERROR
    Running examples in 'heplots-Ex.R' failed
    The error most likely occurred in:
    
    > ### Name: arrow3d
    > ### Title: Draw a 3D Arrow in an RGL Scene
    > ### Aliases: arrow3d
    > ### Keywords: aplot
    >
    > ### ** Examples
    >
    > arrow3d(c(0,0,0), c(2,2,2), barblen=.2, lwd=3, col="black")
    Loading required namespace: rgl
    Failed with error: 'there is no package called 'rgl''
    Error in arrow3d(c(0, 0, 0), c(2, 2, 2), barblen = 0.2, lwd = 3, col = "black") :
     rgl package is required.
    Execution halted
Flavor: r-devel-windows-x86_64-gcc10-UCRT

Version: 1.3-8
Check: whether package can be installed
Result: WARN
    Found the following significant warnings:
     Rd warning: /tmp/Rtmp3O2ZQN/R.INSTALL193e7613ca9c/heplots/man/coefplot.Rd:12: file link ‘confidenceEllipse’ in package ‘car’ does not exist and so has been treated as a topic
     Rd warning: /tmp/Rtmp3O2ZQN/R.INSTALL193e7613ca9c/heplots/man/coefplot.Rd:136: file link ‘confidenceEllipse’ in package ‘car’ does not exist and so has been treated as a topic
     Rd warning: /tmp/Rtmp3O2ZQN/R.INSTALL193e7613ca9c/heplots/man/colDevs.Rd:61: file link ‘colMeans’ in package ‘base’ does not exist and so has been treated as a topic
     Rd warning: /tmp/Rtmp3O2ZQN/R.INSTALL193e7613ca9c/heplots/man/cqplot.Rd:188: file link ‘qqplot’ in package ‘stats’ does not exist and so has been treated as a topic
     Rd warning: /tmp/Rtmp3O2ZQN/R.INSTALL193e7613ca9c/heplots/man/interpPlot.Rd:113: file link ‘animation’ in package ‘animation’ does not exist and so has been treated as a topic
     Rd warning: /tmp/Rtmp3O2ZQN/R.INSTALL193e7613ca9c/heplots/man/interpPlot.Rd:119: file link ‘dataEllipse’ in package ‘car’ does not exist and so has been treated as a topic
     Rd warning: /tmp/Rtmp3O2ZQN/R.INSTALL193e7613ca9c/heplots/man/interpPlot.Rd:121: file link ‘animation’ in package ‘animation’ does not exist and so has been treated as a topic
     Rd warning: /tmp/Rtmp3O2ZQN/R.INSTALL193e7613ca9c/heplots/man/plot.robmlm.Rd:54: file link ‘plot’ in package ‘graphics’ does not exist and so has been treated as a topic
     Rd warning: /tmp/Rtmp3O2ZQN/R.INSTALL193e7613ca9c/heplots/man/robmlm.Rd:59: file link ‘na.omit’ in package ‘stats’ does not exist and so has been treated as a topic
     Rd warning: /tmp/Rtmp3O2ZQN/R.INSTALL193e7613ca9c/heplots/man/robmlm.Rd:93: file link ‘psi.bisquare’ in package ‘MASS’ does not exist and so has been treated as a topic
     Rd warning: /tmp/Rtmp3O2ZQN/R.INSTALL193e7613ca9c/heplots/man/robmlm.Rd:138: file link ‘coefficients’ in package ‘stats’ does not exist and so has been treated as a topic
     Rd warning: /tmp/Rtmp3O2ZQN/R.INSTALL193e7613ca9c/heplots/man/statList.Rd:73: file link ‘colMeans’ in package ‘base’ does not exist and so has been treated as a topic
     Rd warning: /tmp/Rtmp3O2ZQN/R.INSTALL193e7613ca9c/heplots/man/termMeans.Rd:61: file link ‘colMeans’ in package ‘base’ does not exist and so has been treated as a topic
Flavor: r-patched-linux-x86_64