CRAN Package Check Results for Package gwer

Last updated on 2020-02-25 16:48:10 CET.

Flavor Version Tinstall Tcheck Ttotal Status Flags
r-devel-linux-x86_64-debian-clang 2.0 18.72 181.91 200.63 OK
r-devel-linux-x86_64-debian-gcc 2.0 17.83 139.24 157.07 OK
r-devel-linux-x86_64-fedora-clang 2.0 240.96 WARN
r-devel-linux-x86_64-fedora-gcc 2.0 237.66 WARN
r-devel-windows-ix86+x86_64 2.0 41.00 198.00 239.00 OK
r-devel-windows-ix86+x86_64-gcc8 2.0 43.00 210.00 253.00 OK
r-patched-linux-x86_64 2.0 16.16 159.71 175.87 OK
r-patched-solaris-x86 2.0 334.60 NOTE
r-release-linux-x86_64 2.0 15.41 159.56 174.97 OK
r-release-windows-ix86+x86_64 2.0 33.00 167.00 200.00 OK
r-release-osx-x86_64 2.0 NOTE
r-oldrel-windows-ix86+x86_64 2.0 27.00 198.00 225.00 OK
r-oldrel-osx-x86_64 2.0 NOTE

Check Details

Version: 2.0
Check: whether package can be installed
Result: WARN
    Found the following significant warnings:
     Warning: namespace ‘rgdal’ is not available and has been replaced
Flavors: r-devel-linux-x86_64-fedora-clang, r-devel-linux-x86_64-fedora-gcc

Version: 2.0
Check: dependencies in R code
Result: NOTE
    Namespace in Imports field not imported from: ‘Matrix’
     All declared Imports should be used.
Flavors: r-devel-linux-x86_64-fedora-clang, r-devel-linux-x86_64-fedora-gcc, r-patched-solaris-x86, r-release-osx-x86_64, r-oldrel-osx-x86_64