CRAN Package Check Results for Package gutenbergr

Last updated on 2021-04-21 11:53:30 CEST.

Flavor Version Tinstall Tcheck Ttotal Status Flags
r-devel-linux-x86_64-debian-clang 0.2.0 6.65 88.77 95.42 OK
r-devel-linux-x86_64-debian-gcc 0.2.0 6.51 64.61 71.12 OK
r-devel-linux-x86_64-fedora-clang 0.2.0 121.36 NOTE
r-devel-linux-x86_64-fedora-gcc 0.2.0 110.81 NOTE
r-devel-windows-ix86+x86_64 0.2.0 13.00 91.00 104.00 OK
r-devel-windows-x86_64-gcc10-UCRT 0.2.0 NOTE
r-patched-linux-x86_64 0.2.0 7.73 82.32 90.05 OK
r-patched-solaris-x86 0.2.0 159.90 NOTE
r-release-linux-x86_64 0.2.0 7.17 82.11 89.28 OK
r-release-macos-x86_64 0.2.0 NOTE
r-release-windows-ix86+x86_64 0.2.0 17.00 119.00 136.00 OK
r-oldrel-macos-x86_64 0.2.0 NOTE
r-oldrel-windows-ix86+x86_64 0.2.0 25.00 112.00 137.00 OK

Check Details

Version: 0.2.0
Check: data for non-ASCII characters
Result: NOTE
     Note: found 13617 marked UTF-8 strings
Flavors: r-devel-linux-x86_64-fedora-clang, r-devel-linux-x86_64-fedora-gcc, r-devel-windows-x86_64-gcc10-UCRT, r-patched-solaris-x86, r-release-macos-x86_64, r-oldrel-macos-x86_64