Last updated on 2021-04-21 05:48:37 CEST.
Flavor | Version | Tinstall | Tcheck | Ttotal | Status | Flags |
---|---|---|---|---|---|---|
r-devel-linux-x86_64-debian-clang | 0.5-1 | 5.65 | 51.27 | 56.92 | OK | |
r-devel-linux-x86_64-debian-gcc | 0.5-1 | 4.46 | 40.48 | 44.94 | OK | |
r-devel-linux-x86_64-fedora-clang | 0.5-1 | 77.51 | OK | |||
r-devel-linux-x86_64-fedora-gcc | 0.5-1 | 67.47 | OK | |||
r-devel-windows-ix86+x86_64 | 0.5-1 | 13.00 | 51.00 | 64.00 | OK | |
r-devel-windows-x86_64-gcc10-UCRT | 0.5-1 | ERROR | ||||
r-patched-linux-x86_64 | 0.5-1 | 5.49 | 49.75 | 55.24 | OK | |
r-patched-solaris-x86 | 0.5-1 | 103.00 | OK | |||
r-release-linux-x86_64 | 0.5-1 | 4.67 | 49.63 | 54.30 | OK | |
r-release-macos-x86_64 | 0.5-1 | OK | ||||
r-release-windows-ix86+x86_64 | 0.5-1 | 12.00 | 63.00 | 75.00 | OK | |
r-oldrel-macos-x86_64 | 0.5-1 | OK | ||||
r-oldrel-windows-ix86+x86_64 | 0.5-1 | 9.00 | 69.00 | 78.00 | OK |
Version: 0.5-1
Check: package dependencies
Result: ERROR
Package required but not available: 'gridGraphviz'
See section 'The DESCRIPTION file' in the 'Writing R Extensions'
manual.
Flavor: r-devel-windows-x86_64-gcc10-UCRT