CRAN Package Check Results for Package graphframes

Last updated on 2024-05-28 11:54:06 CEST.

Flavor Version Tinstall Tcheck Ttotal Status Flags
r-devel-linux-x86_64-debian-clang 0.1.2 8.16 66.88 75.04 NOTE
r-devel-linux-x86_64-debian-gcc 0.1.2 5.32 50.28 55.60 NOTE
r-devel-linux-x86_64-fedora-clang 0.1.2 96.51 NOTE
r-devel-linux-x86_64-fedora-gcc 0.1.2 88.73 NOTE
r-devel-windows-x86_64 0.1.2 7.00 70.00 77.00 NOTE
r-patched-linux-x86_64 0.1.2 6.76 65.95 72.71 NOTE
r-release-linux-x86_64 0.1.2 6.61 64.20 70.81 NOTE
r-release-macos-arm64 0.1.2 31.00 NOTE
r-release-windows-x86_64 0.1.2 7.00 71.00 78.00 NOTE
r-oldrel-macos-arm64 0.1.2 31.00 NOTE
r-oldrel-macos-x86_64 0.1.2 47.00 NOTE
r-oldrel-windows-x86_64 0.1.2 10.00 80.00 90.00 NOTE

Check Details

Version: 0.1.2
Check: LazyData
Result: NOTE 'LazyData' is specified without a 'data' directory Flavors: r-devel-linux-x86_64-debian-clang, r-devel-linux-x86_64-debian-gcc, r-devel-linux-x86_64-fedora-clang, r-devel-linux-x86_64-fedora-gcc, r-devel-windows-x86_64, r-patched-linux-x86_64, r-release-linux-x86_64, r-release-macos-arm64, r-release-windows-x86_64, r-oldrel-macos-arm64, r-oldrel-macos-x86_64, r-oldrel-windows-x86_64