CRAN Package Check Results for Package gprofiler2

Last updated on 2020-09-27 17:49:23 CEST.

Flavor Version Tinstall Tcheck Ttotal Status Flags
r-devel-linux-x86_64-debian-clang 0.2.0 7.21 67.61 74.82 OK
r-devel-linux-x86_64-debian-gcc 0.2.0 5.95 51.51 57.46 OK
r-devel-linux-x86_64-fedora-clang 0.2.0 95.96 OK
r-devel-linux-x86_64-fedora-gcc 0.2.0 89.42 OK
r-devel-windows-ix86+x86_64 0.2.0 16.00 116.00 132.00 OK
r-patched-linux-x86_64 0.2.0 6.80 64.01 70.81 OK
r-patched-solaris-x86 0.2.0 108.60 WARN
r-release-linux-x86_64 0.2.0 7.20 63.83 71.03 OK
r-release-macos-x86_64 0.2.0 WARN
r-release-windows-ix86+x86_64 0.2.0 17.00 115.00 132.00 OK
r-oldrel-macos-x86_64 0.2.0 WARN
r-oldrel-windows-ix86+x86_64 0.2.0 12.00 116.00 128.00 OK

Check Details

Version: 0.2.0
Check: re-building of vignette outputs
Result: WARN
    Error(s) in re-building vignettes:
     ...
    --- re-building ‘gprofiler2.Rmd’ using rmarkdown
    Warning in engine$weave(file, quiet = quiet, encoding = enc) :
     Pandoc (>= 1.12.3) and/or pandoc-citeproc not available. Falling back to R Markdown v1.
    Quitting from lines 243-244 (gprofiler2.Rmd)
    Error: processing vignette 'gprofiler2.Rmd' failed with diagnostics:
    there is no package called 'webshot'
    --- failed re-building ‘gprofiler2.Rmd’
    
    SUMMARY: processing the following file failed:
     ‘gprofiler2.Rmd’
    
    Error: Vignette re-building failed.
    Execution halted
Flavor: r-patched-solaris-x86

Version: 0.2.0
Check: re-building of vignette outputs
Result: WARN
    Error(s) in re-building vignettes:
     ...
    --- re-building ‘gprofiler2.Rmd’ using rmarkdown
    Warning in engine$weave(file, quiet = quiet, encoding = enc) :
     Pandoc (>= 1.12.3) and/or pandoc-citeproc not available. Falling back to R Markdown v1.
    Quitting from lines 243-244 (gprofiler2.Rmd)
    Error: processing vignette 'gprofiler2.Rmd' failed with diagnostics:
    cannot open the connection
    --- failed re-building ‘gprofiler2.Rmd’
    
    SUMMARY: processing the following file failed:
     ‘gprofiler2.Rmd’
    
    Error: Vignette re-building failed.
    Execution halted
Flavors: r-release-macos-x86_64, r-oldrel-macos-x86_64