CRAN Package Check Results for Package gplots

Last updated on 2024-05-26 17:50:49 CEST.

Flavor Version Tinstall Tcheck Ttotal Status Flags
r-devel-linux-x86_64-debian-clang 3.1.3.1 7.27 87.26 94.53 NOTE
r-devel-linux-x86_64-debian-gcc 3.1.3.1 6.46 63.78 70.24 NOTE
r-devel-linux-x86_64-fedora-clang 3.1.3.1 120.84 NOTE
r-devel-linux-x86_64-fedora-gcc 3.1.3.1 130.04 NOTE
r-devel-windows-x86_64 3.1.3.1 7.00 93.00 100.00 NOTE
r-patched-linux-x86_64 3.1.3.1 8.86 83.97 92.83 NOTE
r-release-linux-x86_64 3.1.3.1 8.49 83.64 92.13 NOTE
r-release-macos-arm64 3.1.3.1 40.00 NOTE
r-release-macos-x86_64 3.1.3.1 138.00 NOTE
r-release-windows-x86_64 3.1.3.1 7.00 96.00 103.00 NOTE
r-oldrel-macos-arm64 3.1.3.1 50.00 NOTE
r-oldrel-macos-x86_64 3.1.3.1 136.00 NOTE
r-oldrel-windows-x86_64 3.1.3.1 8.00 105.00 113.00 NOTE

Check Details

Version: 3.1.3.1
Check: Rd files
Result: NOTE checkRd: (-1) barplot2.Rd:219: Escaped LaTeX specials: \_ checkRd: (-1) colorpanel.Rd:31: Escaped LaTeX specials: \# checkRd: (-1) qqnorm.aov.Rd:33: Escaped LaTeX specials: \& checkRd: (-1) venn.Rd:21: Lost braces 21 | in code{data} not in this list will be ignored. Use \code{NA} to | ^ checkRd: (-1) venn.Rd:59: Escaped LaTeX specials: \_ Flavors: r-devel-linux-x86_64-debian-clang, r-devel-linux-x86_64-debian-gcc, r-devel-linux-x86_64-fedora-clang, r-devel-linux-x86_64-fedora-gcc, r-devel-windows-x86_64, r-patched-linux-x86_64, r-release-linux-x86_64, r-release-macos-arm64, r-release-windows-x86_64

Version: 3.1.3.1
Check: Rd files
Result: NOTE checkRd: (-1) barplot2.Rd:219: Escaped LaTeX specials: \_ checkRd: (-1) colorpanel.Rd:31: Escaped LaTeX specials: \# checkRd: (-1) qqnorm.aov.Rd:33: Escaped LaTeX specials: \& checkRd: (-1) venn.Rd:59: Escaped LaTeX specials: \_ Flavors: r-release-macos-x86_64, r-oldrel-macos-arm64, r-oldrel-macos-x86_64, r-oldrel-windows-x86_64