CRAN Package Check Results for Package goffda

Last updated on 2021-04-19 17:48:27 CEST.

Flavor Version Tinstall Tcheck Ttotal Status Flags
r-devel-linux-x86_64-debian-clang 0.0.7 43.91 117.87 161.78 OK
r-devel-linux-x86_64-debian-gcc 0.0.7 28.13 90.47 118.60 OK
r-devel-linux-x86_64-fedora-clang 0.0.7 208.21 NOTE
r-devel-linux-x86_64-fedora-gcc 0.0.7 202.55 NOTE
r-devel-windows-ix86+x86_64 0.0.7 68.00 168.00 236.00 OK
r-devel-windows-x86_64-gcc10-UCRT 0.0.7 NOTE
r-patched-linux-x86_64 0.0.7 35.37 112.46 147.83 OK
r-patched-solaris-x86 0.0.7 258.80 NOTE
r-release-linux-x86_64 0.0.7 34.42 111.84 146.26 OK
r-release-macos-x86_64 0.0.7 NOTE
r-release-windows-ix86+x86_64 0.0.7 91.00 228.00 319.00 OK
r-oldrel-macos-x86_64 0.0.7 NOTE
r-oldrel-windows-ix86+x86_64 0.0.7 62.00 189.00 251.00 OK

Check Details

Version: 0.0.7
Check: data for non-ASCII characters
Result: NOTE
     Note: found 1352 marked UTF-8 strings
Flavors: r-devel-linux-x86_64-fedora-clang, r-devel-linux-x86_64-fedora-gcc, r-devel-windows-x86_64-gcc10-UCRT, r-patched-solaris-x86, r-release-macos-x86_64, r-oldrel-macos-x86_64