CRAN Package Check Results for Package glmmfields

Last updated on 2020-09-21 00:48:08 CEST.

Flavor Version Tinstall Tcheck Ttotal Status Flags
r-devel-linux-x86_64-debian-clang 0.1.4 188.78 120.97 309.75 NOTE
r-devel-linux-x86_64-debian-gcc 0.1.4 151.49 97.91 249.40 NOTE
r-devel-linux-x86_64-fedora-clang 0.1.4 402.11 NOTE
r-devel-linux-x86_64-fedora-gcc 0.1.4 424.70 NOTE
r-devel-windows-ix86+x86_64 0.1.4 360.00 201.00 561.00 NOTE
r-patched-linux-x86_64 0.1.4 140.43 124.10 264.53 NOTE
r-patched-solaris-x86 0.1.4 417.10 NOTE
r-release-linux-x86_64 0.1.4 140.00 124.18 264.18 NOTE
r-release-macos-x86_64 0.1.4 NOTE
r-release-windows-ix86+x86_64 0.1.4 363.00 247.00 610.00 NOTE
r-oldrel-macos-x86_64 0.1.4 NOTE
r-oldrel-windows-ix86+x86_64 0.1.4 247.00 229.00 476.00 NOTE

Check Details

Version: 0.1.4
Check: for GNU extensions in Makefiles
Result: NOTE
    GNU make is a SystemRequirements.
Flavors: r-devel-linux-x86_64-debian-clang, r-devel-linux-x86_64-debian-gcc, r-devel-linux-x86_64-fedora-clang, r-devel-linux-x86_64-fedora-gcc, r-devel-windows-ix86+x86_64, r-patched-linux-x86_64, r-patched-solaris-x86, r-release-linux-x86_64, r-release-macos-x86_64, r-release-windows-ix86+x86_64, r-oldrel-macos-x86_64, r-oldrel-windows-ix86+x86_64

Version: 0.1.4
Check: installed package size
Result: NOTE
     installed size is 49.1Mb
     sub-directories of 1Mb or more:
     libs 48.4Mb
Flavors: r-devel-linux-x86_64-fedora-clang, r-devel-windows-ix86+x86_64, r-release-macos-x86_64, r-release-windows-ix86+x86_64, r-oldrel-macos-x86_64, r-oldrel-windows-ix86+x86_64