CRAN Package Check Results for Package glm.predict

Last updated on 2021-04-22 11:50:16 CEST.

Flavor Version Tinstall Tcheck Ttotal Status Flags
r-devel-linux-x86_64-debian-clang 4.0-0 11.70 195.24 206.94 NOTE
r-devel-linux-x86_64-debian-gcc 4.0-0 9.08 146.40 155.48 NOTE
r-devel-linux-x86_64-fedora-clang 4.0-0 259.30 NOTE
r-devel-linux-x86_64-fedora-gcc 4.0-0 253.29 NOTE
r-devel-windows-ix86+x86_64 4.0-0 26.00 258.00 284.00 NOTE
r-devel-windows-x86_64-gcc10-UCRT 4.0-0 NOTE
r-patched-linux-x86_64 4.0-0 11.61 182.38 193.99 NOTE
r-patched-solaris-x86 4.0-0 398.60 NOTE
r-release-linux-x86_64 4.0-0 11.54 182.34 193.88 NOTE
r-release-macos-x86_64 4.0-0 NOTE
r-release-windows-ix86+x86_64 4.0-0 26.00 241.00 267.00 NOTE
r-oldrel-macos-x86_64 4.0-0 NOTE
r-oldrel-windows-ix86+x86_64 4.0-0 23.00 150.00 173.00 WARN

Check Details

Version: 4.0-0
Check: package dependencies
Result: NOTE
    Package suggested but not available for checking: 'schlegel'
Flavors: r-devel-linux-x86_64-debian-clang, r-devel-linux-x86_64-debian-gcc, r-devel-linux-x86_64-fedora-clang, r-devel-linux-x86_64-fedora-gcc, r-devel-windows-ix86+x86_64, r-devel-windows-x86_64-gcc10-UCRT, r-patched-linux-x86_64, r-patched-solaris-x86, r-release-linux-x86_64, r-release-macos-x86_64, r-release-windows-ix86+x86_64, r-oldrel-macos-x86_64, r-oldrel-windows-ix86+x86_64

Version: 4.0-0
Check: for non-standard things in the check directory
Result: NOTE
    Found the following files/directories:
     ‘schlegel’
Flavor: r-devel-linux-x86_64-fedora-gcc

Version: 4.0-0
Check: re-building of vignette outputs
Result: WARN
    Error(s) in re-building vignettes:
    --- re-building 'predicts.Rmd' using rmarkdown
    Loading required package: MASS
    Loading required package: parallel
    Quitting from lines 41-44 (predicts.Rmd)
    Error: processing vignette 'predicts.Rmd' failed with diagnostics:
    there is no package called 'schlegel'
    --- failed re-building 'predicts.Rmd'
    
    SUMMARY: processing the following file failed:
     'predicts.Rmd'
    
    Error: Vignette re-building failed.
    Execution halted
Flavor: r-oldrel-windows-ix86+x86_64