CRAN Package Check Results for Package gkmSVM

Last updated on 2021-05-16 17:46:51 CEST.

Flavor Version Tinstall Tcheck Ttotal Status Flags
r-devel-linux-x86_64-debian-clang 0.81.0 62.71 46.10 108.81 OK
r-devel-linux-x86_64-debian-gcc 0.81.0 36.88 36.50 73.38 OK
r-devel-linux-x86_64-fedora-clang 0.81.0 182.08 OK
r-devel-linux-x86_64-fedora-gcc 0.81.0 135.05 OK
r-devel-windows-ix86+x86_64 0.81.0 157.00 72.00 229.00 OK
r-devel-windows-x86_64-gcc10-UCRT 0.81.0 NOTE
r-patched-linux-x86_64 0.81.0 45.03 45.04 90.07 OK
r-patched-solaris-x86 0.81.0 134.20 OK
r-release-linux-x86_64 0.81.0 38.98 43.47 82.45 OK
r-release-macos-x86_64 0.81.0 NOTE
r-release-windows-ix86+x86_64 0.81.0 116.00 89.00 205.00 OK
r-oldrel-macos-x86_64 0.81.0 NOTE
r-oldrel-windows-ix86+x86_64 0.81.0 98.00 78.00 176.00 OK

Check Details

Version: 0.81.0
Check: package dependencies
Result: NOTE
    Packages suggested but not available for checking:
     'BSgenome.Hsapiens.UCSC.hg18.masked',
     'BSgenome.Hsapiens.UCSC.hg19.masked'
Flavors: r-devel-windows-x86_64-gcc10-UCRT, r-release-macos-x86_64, r-oldrel-macos-x86_64