CRAN Package Check Results for Package gitignore

Last updated on 2021-04-21 11:53:30 CEST.

Flavor Version Tinstall Tcheck Ttotal Status Flags
r-devel-linux-x86_64-debian-clang 0.1.4 1.99 26.69 28.68 NOTE
r-devel-linux-x86_64-debian-gcc 0.1.4 1.66 21.67 23.33 NOTE
r-devel-linux-x86_64-fedora-clang 0.1.4 44.38 NOTE
r-devel-linux-x86_64-fedora-gcc 0.1.4 35.32 NOTE
r-devel-windows-ix86+x86_64 0.1.4 9.00 43.00 52.00 NOTE
r-devel-windows-x86_64-gcc10-UCRT 0.1.4 NOTE
r-patched-linux-x86_64 0.1.4 2.07 26.46 28.53 OK
r-patched-solaris-x86 0.1.4 55.10 OK
r-release-linux-x86_64 0.1.4 2.04 26.53 28.57 OK
r-release-macos-x86_64 0.1.4 OK
r-release-windows-ix86+x86_64 0.1.4 6.00 53.00 59.00 OK
r-oldrel-macos-x86_64 0.1.4 OK
r-oldrel-windows-ix86+x86_64 0.1.4 3.00 54.00 57.00 OK

Check Details

Version: 0.1.4
Check: LazyData
Result: NOTE
     'LazyData' is specified without a 'data' directory
Flavors: r-devel-linux-x86_64-debian-clang, r-devel-linux-x86_64-debian-gcc, r-devel-linux-x86_64-fedora-clang, r-devel-linux-x86_64-fedora-gcc, r-devel-windows-ix86+x86_64, r-devel-windows-x86_64-gcc10-UCRT