CRAN Package Check Results for Package gimmeTools

Last updated on 2021-05-08 05:57:07 CEST.

Flavor Version Tinstall Tcheck Ttotal Status Flags
r-devel-linux-x86_64-debian-clang 0.1 4.81 40.84 45.65 NOTE
r-devel-linux-x86_64-debian-gcc 0.1 4.07 31.40 35.47 NOTE
r-devel-linux-x86_64-fedora-clang 0.1 64.66 NOTE
r-devel-linux-x86_64-fedora-gcc 0.1 55.17 NOTE
r-devel-windows-ix86+x86_64 0.1 9.00 64.00 73.00 NOTE
r-devel-windows-x86_64-gcc10-UCRT 0.1 NOTE
r-patched-linux-x86_64 0.1 4.37 38.67 43.04 NOTE
r-patched-solaris-x86 0.1 94.80 OK
r-release-linux-x86_64 0.1 4.58 38.28 42.86 OK
r-release-macos-x86_64 0.1 OK
r-release-windows-ix86+x86_64 0.1 9.00 51.00 60.00 OK
r-oldrel-macos-x86_64 0.1 OK
r-oldrel-windows-ix86+x86_64 0.1 10.00 10.00 20.00 ERROR

Check Details

Version: 0.1
Check: LazyData
Result: NOTE
     'LazyData' is specified without a 'data' directory
Flavors: r-devel-linux-x86_64-debian-clang, r-devel-linux-x86_64-debian-gcc, r-devel-linux-x86_64-fedora-clang, r-devel-linux-x86_64-fedora-gcc, r-devel-windows-ix86+x86_64, r-devel-windows-x86_64-gcc10-UCRT, r-patched-linux-x86_64

Version: 0.1
Check: whether package can be installed
Result: ERROR
    Installation failed.
Flavor: r-oldrel-windows-ix86+x86_64