Last updated on 2021-04-19 05:46:59 CEST.
Flavor | Version | Tinstall | Tcheck | Ttotal | Status | Flags |
---|---|---|---|---|---|---|
r-devel-linux-x86_64-debian-clang | 1.1.5 | 11.08 | 158.42 | 169.50 | NOTE | |
r-devel-linux-x86_64-debian-gcc | 1.1.5 | 8.89 | 118.92 | 127.81 | NOTE | |
r-devel-linux-x86_64-fedora-clang | 1.1.5 | 233.91 | NOTE | |||
r-devel-linux-x86_64-fedora-gcc | 1.1.5 | 212.73 | NOTE | |||
r-devel-windows-ix86+x86_64 | 1.1.5 | 15.00 | 159.00 | 174.00 | NOTE | |
r-devel-windows-x86_64-gcc10-UCRT | 1.1.5 | NOTE | ||||
r-patched-linux-x86_64 | 1.1.5 | 12.60 | 149.58 | 162.18 | OK | |
r-patched-solaris-x86 | 1.1.5 | 266.40 | OK | |||
r-release-linux-x86_64 | 1.1.5 | 10.63 | 148.51 | 159.14 | OK | |
r-release-macos-x86_64 | 1.1.5 | OK | ||||
r-release-windows-ix86+x86_64 | 1.1.5 | 22.00 | 219.00 | 241.00 | OK | |
r-oldrel-macos-x86_64 | 1.1.5 | OK | ||||
r-oldrel-windows-ix86+x86_64 | 1.1.5 | 14.00 | 225.00 | 239.00 | OK |
Version: 1.1.5
Check: LazyData
Result: NOTE
'LazyData' is specified without a 'data' directory
Flavors: r-devel-linux-x86_64-debian-clang, r-devel-linux-x86_64-debian-gcc, r-devel-linux-x86_64-fedora-clang, r-devel-linux-x86_64-fedora-gcc, r-devel-windows-ix86+x86_64, r-devel-windows-x86_64-gcc10-UCRT