CRAN Package Check Results for Package ggridges

Last updated on 2018-11-18 15:47:28 CET.

Flavor Version Tinstall Tcheck Ttotal Status Flags
r-devel-linux-x86_64-debian-clang 0.5.1 4.86 88.71 93.57 OK
r-devel-linux-x86_64-debian-gcc 0.5.1 4.50 71.09 75.59 OK
r-devel-linux-x86_64-fedora-clang 0.5.1 114.17 NOTE
r-devel-linux-x86_64-fedora-gcc 0.5.1 107.92 NOTE
r-devel-windows-ix86+x86_64 0.5.1 12.00 102.00 114.00 OK
r-patched-linux-x86_64 0.5.1 4.80 88.45 93.25 OK
r-patched-solaris-x86 0.5.1 163.40 NOTE
r-release-linux-x86_64 0.5.1 5.36 87.63 92.99 OK
r-release-windows-ix86+x86_64 0.5.1 13.00 138.00 151.00 OK
r-release-osx-x86_64 0.5.1 NOTE
r-oldrel-windows-ix86+x86_64 0.5.1 11.00 135.00 146.00 OK
r-oldrel-osx-x86_64 0.5.1 NOTE

Check Details

Version: 0.5.1
Check: data for non-ASCII characters
Result: NOTE
     Note: found 6242 marked UTF-8 strings
Flavors: r-devel-linux-x86_64-fedora-clang, r-devel-linux-x86_64-fedora-gcc, r-patched-solaris-x86, r-release-osx-x86_64, r-oldrel-osx-x86_64