CRAN Package Check Results for Package ggridges

Last updated on 2018-08-18 11:48:06 CEST.

Flavor Version Tinstall Tcheck Ttotal Status Flags
r-devel-linux-x86_64-debian-clang 0.5.0 4.97 92.00 96.97 OK
r-devel-linux-x86_64-debian-gcc 0.5.0 4.71 72.30 77.01 OK
r-devel-linux-x86_64-fedora-clang 0.5.0 121.71 NOTE
r-devel-linux-x86_64-fedora-gcc 0.5.0 114.09 NOTE
r-devel-windows-ix86+x86_64 0.5.0 14.00 145.00 159.00 OK
r-patched-linux-x86_64 0.5.0 6.03 86.94 92.97 OK
r-patched-solaris-x86 0.5.0 159.30 NOTE
r-release-linux-x86_64 0.5.0 4.76 87.13 91.89 OK
r-release-windows-ix86+x86_64 0.5.0 12.00 146.00 158.00 OK
r-release-osx-x86_64 0.5.0 NOTE
r-oldrel-windows-ix86+x86_64 0.5.0 7.00 117.00 124.00 OK
r-oldrel-osx-x86_64 0.5.0 NOTE

Check Details

Version: 0.5.0
Check: data for non-ASCII characters
Result: NOTE
     Note: found 6242 marked UTF-8 strings
Flavors: r-devel-linux-x86_64-fedora-clang, r-devel-linux-x86_64-fedora-gcc, r-patched-solaris-x86, r-release-osx-x86_64, r-oldrel-osx-x86_64