CRAN Package Check Results for Package ggrepel

Last updated on 2020-02-25 16:48:10 CET.

Flavor Version Tinstall Tcheck Ttotal Status Flags
r-devel-linux-x86_64-debian-clang 0.8.1 22.56 72.33 94.89 OK
r-devel-linux-x86_64-debian-gcc 0.8.1 14.77 53.72 68.49 OK
r-devel-linux-x86_64-fedora-clang 0.8.1 115.83 OK
r-devel-linux-x86_64-fedora-gcc 0.8.1 110.57 OK
r-devel-windows-ix86+x86_64 0.8.1 45.00 123.00 168.00 OK
r-devel-windows-ix86+x86_64-gcc8 0.8.1 42.00 114.00 156.00 OK
r-patched-linux-x86_64 0.8.1 19.63 62.64 82.27 OK
r-patched-solaris-x86 0.8.1 135.60 OK
r-release-linux-x86_64 0.8.1 18.43 62.70 81.13 OK
r-release-windows-ix86+x86_64 0.8.1 1.00 6.00 7.00 ERROR
r-release-osx-x86_64 0.8.1 OK
r-oldrel-windows-ix86+x86_64 0.8.1 38.00 113.00 151.00 OK
r-oldrel-osx-x86_64 0.8.1 OK

Check Details

Version: 0.8.1
Check: whether package can be installed
Result: ERROR
    Installation failed.
Flavor: r-release-windows-ix86+x86_64