CRAN Package Check Results for Package ggparty

Last updated on 2021-05-10 17:46:58 CEST.

Flavor Version Tinstall Tcheck Ttotal Status Flags
r-devel-linux-x86_64-debian-clang 1.0.0 10.79 239.13 249.92 NOTE
r-devel-linux-x86_64-debian-gcc 1.0.0 9.25 165.82 175.07 NOTE
r-devel-linux-x86_64-fedora-clang 1.0.0 283.29 NOTE
r-devel-linux-x86_64-fedora-gcc 1.0.0 275.32 NOTE
r-devel-windows-ix86+x86_64 1.0.0 19.00 273.00 292.00 NOTE
r-devel-windows-x86_64-gcc10-UCRT 1.0.0 NOTE
r-patched-linux-x86_64 1.0.0 16.13 215.96 232.09 NOTE
r-patched-solaris-x86 1.0.0 338.10 NOTE
r-release-linux-x86_64 1.0.0 9.56 215.23 224.79 OK
r-release-macos-x86_64 1.0.0 NOTE
r-release-windows-ix86+x86_64 1.0.0 20.00 188.00 208.00 OK
r-oldrel-macos-x86_64 1.0.0 NOTE
r-oldrel-windows-ix86+x86_64 1.0.0 22.00 287.00 309.00 OK

Check Details

Version: 1.0.0
Check: LazyData
Result: NOTE
     'LazyData' is specified without a 'data' directory
Flavors: r-devel-linux-x86_64-debian-clang, r-devel-linux-x86_64-debian-gcc, r-devel-linux-x86_64-fedora-clang, r-devel-linux-x86_64-fedora-gcc, r-devel-windows-ix86+x86_64, r-devel-windows-x86_64-gcc10-UCRT, r-patched-linux-x86_64, r-patched-solaris-x86

Version: 1.0.0
Check: dependencies in R code
Result: NOTE
    Namespace in Imports field not imported from: ‘survival’
     All declared Imports should be used.
Flavors: r-devel-linux-x86_64-fedora-clang, r-devel-linux-x86_64-fedora-gcc, r-devel-windows-x86_64-gcc10-UCRT, r-patched-solaris-x86, r-release-macos-x86_64, r-oldrel-macos-x86_64