CRAN Package Check Results for Package ggimage

Last updated on 2020-09-27 17:49:23 CEST.

Flavor Version Tinstall Tcheck Ttotal Status Flags
r-devel-linux-x86_64-debian-clang 0.2.8 5.93 47.74 53.67 OK
r-devel-linux-x86_64-debian-gcc 0.2.8 4.61 36.19 40.80 OK
r-devel-linux-x86_64-fedora-clang 0.2.8 75.17 OK
r-devel-linux-x86_64-fedora-gcc 0.2.8 61.41 OK
r-devel-windows-ix86+x86_64 0.2.8 22.00 69.00 91.00 OK
r-patched-linux-x86_64 0.2.8 5.28 44.42 49.70 OK
r-patched-solaris-x86 0.2.8 91.20 NOTE
r-release-linux-x86_64 0.2.8 5.23 44.44 49.67 OK
r-release-macos-x86_64 0.2.8 NOTE
r-release-windows-ix86+x86_64 0.2.8 15.00 70.00 85.00 OK
r-oldrel-macos-x86_64 0.2.8 OK
r-oldrel-windows-ix86+x86_64 0.2.8 12.00 65.00 77.00 OK

Check Details

Version: 0.2.8
Check: package dependencies
Result: NOTE
    Package suggested but not available for checking: ‘rsvg’
Flavor: r-patched-solaris-x86

Version: 0.2.8
Check: package dependencies
Result: NOTE
    Package suggested but not available for checking: ‘ggtree’
Flavor: r-release-macos-x86_64