CRAN Package Check Results for Package ggExtra

Last updated on 2024-05-27 05:52:17 CEST.

Flavor Version Tinstall Tcheck Ttotal Status Flags
r-devel-linux-x86_64-debian-clang 0.10.1 6.97 65.55 72.52 NOTE
r-devel-linux-x86_64-debian-gcc 0.10.1 4.77 49.61 54.38 NOTE
r-devel-linux-x86_64-fedora-clang 0.10.1 88.56 NOTE
r-devel-linux-x86_64-fedora-gcc 0.10.1 96.13 NOTE
r-devel-windows-x86_64 0.10.1 6.00 71.00 77.00 OK
r-patched-linux-x86_64 0.10.1 6.83 62.55 69.38 NOTE
r-release-linux-x86_64 0.10.1 5.92 61.40 67.32 NOTE
r-release-macos-arm64 0.10.1 37.00 OK
r-release-windows-x86_64 0.10.1 7.00 72.00 79.00 OK
r-oldrel-macos-arm64 0.10.1 37.00 OK
r-oldrel-macos-x86_64 0.10.1 63.00 OK
r-oldrel-windows-x86_64 0.10.1 9.00 81.00 90.00 OK

Check Details

Version: 0.10.1
Check: R code for possible problems
Result: NOTE Found the following assignments to the global environment: File ‘ggExtra/R/ggMarginalGadget.R’: assign(plotname, eval(parse(text = origPlot)), envir = .GlobalEnv) Flavors: r-devel-linux-x86_64-debian-clang, r-devel-linux-x86_64-debian-gcc, r-devel-linux-x86_64-fedora-clang, r-patched-linux-x86_64, r-release-linux-x86_64

Version: 0.10.1
Check: dependencies in R code
Result: NOTE Namespaces in Imports field not imported from: ‘R6’ ‘scales’ ‘utils’ All declared Imports should be used. Flavors: r-devel-linux-x86_64-fedora-clang, r-devel-linux-x86_64-fedora-gcc