CRAN Package Check Results for Package geomultistar

Last updated on 2021-04-21 11:53:29 CEST.

Flavor Version Tinstall Tcheck Ttotal Status Flags
r-devel-linux-x86_64-debian-clang 1.1.0 3.15 54.90 58.05 OK
r-devel-linux-x86_64-debian-gcc 1.1.0 2.76 42.16 44.92 OK
r-devel-linux-x86_64-fedora-clang 1.1.0 78.54 NOTE
r-devel-linux-x86_64-fedora-gcc 1.1.0 68.72 NOTE
r-devel-windows-ix86+x86_64 1.1.0 7.00 54.00 61.00 OK
r-devel-windows-x86_64-gcc10-UCRT 1.1.0 NOTE
r-patched-linux-x86_64 1.1.0 3.77 52.49 56.26 OK
r-patched-solaris-x86 1.1.0 105.30 NOTE
r-release-linux-x86_64 1.1.0 3.35 52.31 55.66 OK
r-release-macos-x86_64 1.1.0 NOTE
r-release-windows-ix86+x86_64 1.1.0 8.00 78.00 86.00 OK
r-oldrel-macos-x86_64 1.1.0 NOTE
r-oldrel-windows-ix86+x86_64 1.1.0 6.00 74.00 80.00 OK

Check Details

Version: 1.1.0
Check: dependencies in R code
Result: NOTE
    Namespaces in Imports field not imported from:
     ‘pander’ ‘rgdal’ ‘snakecase’ ‘stringr’
     All declared Imports should be used.
Flavors: r-devel-linux-x86_64-fedora-clang, r-devel-linux-x86_64-fedora-gcc, r-devel-windows-x86_64-gcc10-UCRT, r-patched-solaris-x86, r-release-macos-x86_64, r-oldrel-macos-x86_64