CRAN Package Check Results for Package gender

Last updated on 2021-04-21 11:53:29 CEST.

Flavor Version Tinstall Tcheck Ttotal Status Flags
r-devel-linux-x86_64-debian-clang 0.5.4 4.05 49.90 53.95 NOTE
r-devel-linux-x86_64-debian-gcc 0.5.4 3.25 38.24 41.49 NOTE
r-devel-linux-x86_64-fedora-clang 0.5.4 76.45 NOTE
r-devel-linux-x86_64-fedora-gcc 0.5.4 64.09 NOTE
r-devel-windows-ix86+x86_64 0.5.4 8.00 50.00 58.00 NOTE
r-devel-windows-x86_64-gcc10-UCRT 0.5.4 NOTE
r-patched-linux-x86_64 0.5.4 3.80 47.17 50.97 NOTE
r-patched-solaris-x86 0.5.4 91.40 NOTE
r-release-linux-x86_64 0.5.4 4.11 46.87 50.98 NOTE
r-release-macos-x86_64 0.5.4 NOTE
r-release-windows-ix86+x86_64 0.5.4 12.00 68.00 80.00 NOTE
r-oldrel-macos-x86_64 0.5.4 NOTE
r-oldrel-windows-ix86+x86_64 0.5.4 22.00 66.00 88.00 NOTE

Check Details

Version: 0.5.4
Check: package dependencies
Result: NOTE
    Package suggested but not available for checking: 'genderdata'
Flavors: r-devel-linux-x86_64-debian-clang, r-devel-linux-x86_64-debian-gcc, r-devel-linux-x86_64-fedora-clang, r-devel-linux-x86_64-fedora-gcc, r-devel-windows-ix86+x86_64, r-devel-windows-x86_64-gcc10-UCRT, r-patched-linux-x86_64, r-patched-solaris-x86, r-release-linux-x86_64, r-release-macos-x86_64, r-release-windows-ix86+x86_64, r-oldrel-macos-x86_64, r-oldrel-windows-ix86+x86_64

Version: 0.5.4
Check: LazyData
Result: NOTE
     'LazyData' is specified without a 'data' directory
Flavors: r-devel-linux-x86_64-debian-clang, r-devel-linux-x86_64-debian-gcc, r-devel-linux-x86_64-fedora-clang, r-devel-linux-x86_64-fedora-gcc, r-devel-windows-ix86+x86_64, r-devel-windows-x86_64-gcc10-UCRT