CRAN Package Check Results for Package geiger

Last updated on 2020-09-23 18:26:39 CEST.

Flavor Version Tinstall Tcheck Ttotal Status Flags
r-devel-linux-x86_64-debian-clang 2.0.7 42.06 153.42 195.48 OK
r-devel-linux-x86_64-debian-gcc 2.0.7 35.45 114.86 150.31 OK
r-devel-linux-x86_64-fedora-clang 2.0.7 258.24 NOTE
r-devel-linux-x86_64-fedora-gcc 2.0.7 252.01 OK
r-devel-windows-ix86+x86_64 2.0.7 57.00 10.00 67.00 ERROR
r-patched-linux-x86_64 2.0.7 39.60 140.94 180.54 OK
r-patched-solaris-x86 2.0.7 287.20 OK
r-release-linux-x86_64 2.0.7 41.52 142.37 183.89 OK
r-release-macos-x86_64 2.0.7 OK
r-release-windows-ix86+x86_64 2.0.7 55.00 8.00 63.00 ERROR
r-oldrel-macos-x86_64 2.0.7 OK
r-oldrel-windows-ix86+x86_64 2.0.7 64.00 212.00 276.00 OK

Check Details

Version: 2.0.7
Check: Rd cross-references
Result: NOTE
    Undeclared package ‘TreeSim’ in Rd xrefs
Flavor: r-devel-linux-x86_64-fedora-clang

Version: 2.0.7
Check: whether package can be installed
Result: ERROR
    Installation failed.
Flavors: r-devel-windows-ix86+x86_64, r-release-windows-ix86+x86_64