CRAN Package Check Results for Package gaussplotR

Last updated on 2021-04-18 17:47:38 CEST.

Flavor Version Tinstall Tcheck Ttotal Status Flags
r-devel-linux-x86_64-debian-clang 0.2.3 3.53 45.99 49.52 OK
r-devel-linux-x86_64-debian-gcc 0.2.3 2.56 33.95 36.51 OK
r-devel-linux-x86_64-fedora-clang 0.2.3 66.84 OK
r-devel-linux-x86_64-fedora-gcc 0.2.3 60.84 OK
r-devel-windows-ix86+x86_64 0.2.3 8.00 62.00 70.00 OK
r-devel-windows-x86_64-gcc10-UCRT 0.2.3 OK
r-patched-linux-x86_64 0.2.3 3.41 42.30 45.71 OK
r-patched-solaris-x86 0.2.3 80.20 OK
r-release-linux-x86_64 0.2.3 3.17 42.93 46.10 OK
r-release-macos-x86_64 0.2.3 OK
r-release-windows-ix86+x86_64 0.2.3 8.00 62.00 70.00 OK
r-oldrel-macos-x86_64 0.2.3 ERROR
r-oldrel-windows-ix86+x86_64 0.2.0 4.00 27.00 31.00 OK

Check Details

Version: 0.2.3
Check: whether package can be installed
Result: ERROR
    Installation failed.
Flavor: r-oldrel-macos-x86_64