CRAN Package Check Results for Package gMCP

Last updated on 2024-05-29 00:54:26 CEST.

Flavor Version Tinstall Tcheck Ttotal Status Flags
r-devel-linux-x86_64-debian-clang 0.8-17 22.18 184.30 206.48 WARN
r-devel-linux-x86_64-debian-gcc 0.8-17 16.55 132.41 148.96 WARN
r-devel-linux-x86_64-fedora-clang 0.8-17 293.46 OK
r-devel-linux-x86_64-fedora-gcc 0.8-17 291.06 OK
r-devel-windows-x86_64 0.8-17 20.00 224.00 244.00 OK
r-patched-linux-x86_64 0.8-17 21.48 211.24 232.72 OK
r-release-linux-x86_64 0.8-17 18.04 208.59 226.63 OK
r-release-macos-arm64 0.8-17 93.00 OK
r-release-macos-x86_64 0.8-17 280.00 OK
r-release-windows-x86_64 0.8-17 19.00 226.00 245.00 OK
r-oldrel-macos-arm64 0.8-17 103.00 OK
r-oldrel-macos-x86_64 0.8-17 245.00 OK
r-oldrel-windows-x86_64 0.8-17 25.00 255.00 280.00 OK

Check Details

Version: 0.8-17
Check: re-building of vignette outputs
Result: WARN Error(s) in re-building vignettes: ... --- re-building ‘gMCP.Rnw’ using knitr Error: processing vignette 'gMCP.Rnw' failed with diagnostics: Running 'texi2dvi' on 'gMCP.tex' failed. LaTeX errors: ! Undefined control sequence. l.333 \hlkwd{library}\hldef {(gMCP)} ? ! Emergency stop. ! Emergency stop. l.333 End of file on the terminal! ! ==> Fatal error occurred, no output PDF file produced! --- failed re-building ‘gMCP.Rnw’ --- re-building ‘parametric.Rnw’ using knitr Error: processing vignette 'parametric.Rnw' failed with diagnostics: Running 'texi2dvi' on 'parametric.tex' failed. LaTeX errors: ! Undefined control sequence. l.219 \hldef {Gm} \hlkwb{<-} \hlkwd{matrix}\hldef{(}\hlnum{0}\hldef{,}\hlkwc{... ? ! Emergency stop. l.219 End of file on the terminal! ! ==> Fatal error occurred, no output PDF file produced! --- failed re-building ‘parametric.Rnw’ SUMMARY: processing the following files failed: ‘gMCP.Rnw’ ‘parametric.Rnw’ Error: Vignette re-building failed. Execution halted Flavors: r-devel-linux-x86_64-debian-clang, r-devel-linux-x86_64-debian-gcc