CRAN Package Check Results for Package ftDK

Last updated on 2024-05-25 05:52:25 CEST.

Flavor Version Tinstall Tcheck Ttotal Status Flags
r-devel-linux-x86_64-debian-clang 1.0 1.72 21.60 23.32 OK
r-devel-linux-x86_64-debian-gcc 1.0 1.17 16.81 17.98 OK
r-devel-linux-x86_64-fedora-clang 1.0 31.29 NOTE
r-devel-linux-x86_64-fedora-gcc 1.0 28.50 NOTE
r-devel-windows-x86_64 1.0 3.00 39.00 42.00 OK
r-patched-linux-x86_64 1.0 1.95 20.38 22.33 OK
r-release-linux-x86_64 1.0 1.85 20.81 22.66 OK
r-release-macos-arm64 1.0 14.00 OK
r-release-windows-x86_64 1.0 4.00 39.00 43.00 OK
r-oldrel-macos-arm64 1.0 15.00 OK
r-oldrel-macos-x86_64 1.0 20.00 OK
r-oldrel-windows-x86_64 1.0 4.00 39.00 43.00 OK

Check Details

Version: 1.0
Check: data for non-ASCII characters
Result: NOTE Note: found 39 marked UTF-8 strings Flavors: r-devel-linux-x86_64-fedora-clang, r-devel-linux-x86_64-fedora-gcc