CRAN Package Check Results for Package frmqa

Last updated on 2021-05-08 05:57:06 CEST.

Flavor Version Tinstall Tcheck Ttotal Status Flags
r-devel-linux-x86_64-debian-clang 0.1-5 5.56 41.20 46.76 NOTE
r-devel-linux-x86_64-debian-gcc 0.1-5 4.30 32.05 36.35 NOTE
r-devel-linux-x86_64-fedora-clang 0.1-5 65.35 NOTE
r-devel-linux-x86_64-fedora-gcc 0.1-5 55.10 NOTE
r-devel-windows-ix86+x86_64 0.1-5 7.00 58.00 65.00 NOTE
r-devel-windows-x86_64-gcc10-UCRT 0.1-5 NOTE
r-patched-linux-x86_64 0.1-5 5.23 40.61 45.84 NOTE
r-patched-solaris-x86 0.1-5 78.90 NOTE
r-release-linux-x86_64 0.1-5 4.77 38.90 43.67 NOTE
r-release-macos-x86_64 0.1-5 NOTE
r-release-windows-ix86+x86_64 0.1-5 9.00 45.00 54.00 NOTE
r-oldrel-macos-x86_64 0.1-5 NOTE
r-oldrel-windows-ix86+x86_64 0.1-5 10.00 0.00 10.00 ERROR

Check Details

Version: 0.1-5
Check: dependencies in R code
Result: NOTE
    Packages in Depends field not imported from:
     'Rmpfr' 'partitions'
     These packages need to be imported from (in the NAMESPACE file)
     for when this namespace is loaded but not attached.
Flavors: r-devel-linux-x86_64-debian-clang, r-devel-linux-x86_64-debian-gcc, r-devel-linux-x86_64-fedora-clang, r-devel-linux-x86_64-fedora-gcc, r-devel-windows-ix86+x86_64, r-devel-windows-x86_64-gcc10-UCRT, r-patched-linux-x86_64, r-patched-solaris-x86, r-release-linux-x86_64, r-release-macos-x86_64, r-release-windows-ix86+x86_64, r-oldrel-macos-x86_64

Version: 0.1-5
Check: R code for possible problems
Result: NOTE
    Bell : nways: no visible global function definition for 'setparts'
    Bell: no visible global function definition for 'restrictedparts'
    CalIncLapInt : Deriv: no visible global function definition for 'D'
    CalIncLapInt: no visible global function definition for 'is.whole'
    CalIncLapInt: no visible global function definition for 'mpfr'
    CalIncLapInt: no visible global function definition for 'chooseMpfr'
    derivErfc : Deriv: no visible global function definition for 'D'
    derivErfc : Erfc: no visible global function definition for 'pnorm'
    Undefined global functions or variables:
     D chooseMpfr is.whole mpfr pnorm restrictedparts setparts
    Consider adding
     importFrom("stats", "D", "pnorm")
    to your NAMESPACE file.
Flavors: r-devel-linux-x86_64-debian-clang, r-devel-linux-x86_64-debian-gcc, r-devel-linux-x86_64-fedora-clang, r-devel-linux-x86_64-fedora-gcc, r-devel-windows-ix86+x86_64, r-devel-windows-x86_64-gcc10-UCRT, r-patched-linux-x86_64, r-patched-solaris-x86, r-release-linux-x86_64, r-release-macos-x86_64, r-release-windows-ix86+x86_64, r-oldrel-macos-x86_64

Version: 0.1-5
Check: whether package can be installed
Result: ERROR
    Installation failed.
    See 'd:/Rcompile/CRANpkg/local/3.6/frmqa.Rcheck/00install.out' for details.
    * DONE
    
    Check process probably crashed or hung up for 20 minutes ... killed
    Most likely this happened in the example checks (?),
    if not, ignore the following last lines of example output:
    
    ======== End of example output (where/before crash/hang up occured ?) ========
Flavor: r-oldrel-windows-ix86+x86_64