CRAN Package Check Results for Package fresh

Last updated on 2021-05-16 17:46:49 CEST.

Flavor Version Tinstall Tcheck Ttotal Status Flags
r-devel-linux-x86_64-debian-clang 0.2.0 6.71 59.58 66.29 NOTE
r-devel-linux-x86_64-debian-gcc 0.2.0 4.89 46.91 51.80 NOTE
r-devel-linux-x86_64-fedora-clang 0.2.0 85.24 NOTE
r-devel-linux-x86_64-fedora-gcc 0.2.0 82.26 NOTE
r-devel-windows-ix86+x86_64 0.2.0 14.00 95.00 109.00 NOTE
r-devel-windows-x86_64-gcc10-UCRT 0.2.0 NOTE
r-patched-linux-x86_64 0.2.0 7.39 58.28 65.67 NOTE
r-patched-solaris-x86 0.2.0 116.40 NOTE
r-release-linux-x86_64 0.2.0 5.99 57.12 63.11 OK
r-release-macos-x86_64 0.2.0 OK
r-release-windows-ix86+x86_64 0.2.0 10.00 87.00 97.00 OK
r-oldrel-macos-x86_64 0.2.0 OK
r-oldrel-windows-ix86+x86_64 0.2.0 8.00 100.00 108.00 OK

Check Details

Version: 0.2.0
Check: LazyData
Result: NOTE
     'LazyData' is specified without a 'data' directory
Flavors: r-devel-linux-x86_64-debian-clang, r-devel-linux-x86_64-debian-gcc, r-devel-linux-x86_64-fedora-clang, r-devel-linux-x86_64-fedora-gcc, r-devel-windows-ix86+x86_64, r-devel-windows-x86_64-gcc10-UCRT, r-patched-linux-x86_64, r-patched-solaris-x86