CRAN Package Check Results for Package freqtables

Last updated on 2021-04-19 17:48:26 CEST.

Flavor Version Tinstall Tcheck Ttotal Status Flags
r-devel-linux-x86_64-debian-clang 0.1.0 4.07 53.88 57.95 NOTE
r-devel-linux-x86_64-debian-gcc 0.1.0 3.28 41.17 44.45 NOTE
r-devel-linux-x86_64-fedora-clang 0.1.0 76.21 NOTE
r-devel-linux-x86_64-fedora-gcc 0.1.0 66.78 NOTE
r-devel-windows-ix86+x86_64 0.1.0 8.00 53.00 61.00 NOTE
r-devel-windows-x86_64-gcc10-UCRT 0.1.0 NOTE
r-patched-linux-x86_64 0.1.0 3.83 50.20 54.03 OK
r-patched-solaris-x86 0.1.0 95.50 OK
r-release-linux-x86_64 0.1.0 3.89 50.31 54.20 OK
r-release-macos-x86_64 0.1.0 OK
r-release-windows-ix86+x86_64 0.1.0 11.00 74.00 85.00 OK
r-oldrel-macos-x86_64 0.1.0 OK
r-oldrel-windows-ix86+x86_64 0.1.0 6.00 70.00 76.00 OK

Check Details

Version: 0.1.0
Check: LazyData
Result: NOTE
     'LazyData' is specified without a 'data' directory
Flavors: r-devel-linux-x86_64-debian-clang, r-devel-linux-x86_64-debian-gcc, r-devel-linux-x86_64-fedora-clang, r-devel-linux-x86_64-fedora-gcc, r-devel-windows-ix86+x86_64, r-devel-windows-x86_64-gcc10-UCRT