CRAN Package Check Results for Package fmdates

Last updated on 2024-04-17 17:56:23 CEST.

Flavor Version Tinstall Tcheck Ttotal Status Flags
r-devel-linux-x86_64-debian-clang 0.1.4 7.80 62.27 70.07 NOTE
r-devel-linux-x86_64-debian-gcc 0.1.4 5.01 45.88 50.89 NOTE
r-devel-linux-x86_64-fedora-clang 0.1.4 83.66 NOTE
r-devel-linux-x86_64-fedora-gcc 0.1.4 92.70 NOTE
r-prerel-macos-arm64 0.1.4 31.00 NOTE
r-prerel-windows-x86_64 0.1.4 6.00 65.00 71.00 NOTE
r-patched-linux-x86_64 0.1.4 10.27 58.83 69.10 NOTE
r-release-linux-x86_64 0.1.4 6.59 58.01 64.60 NOTE
r-release-macos-arm64 0.1.4 31.00 NOTE
r-release-macos-x86_64 0.1.4 49.00 NOTE
r-release-windows-x86_64 0.1.4 9.00 72.00 81.00 NOTE
r-oldrel-macos-arm64 0.1.4 27.00 NOTE
r-oldrel-windows-x86_64 0.1.4 8.00 71.00 79.00 NOTE

Check Details

Version: 0.1.4
Check: LazyData
Result: NOTE 'LazyData' is specified without a 'data' directory Flavors: r-devel-linux-x86_64-debian-clang, r-devel-linux-x86_64-debian-gcc, r-devel-linux-x86_64-fedora-clang, r-devel-linux-x86_64-fedora-gcc, r-prerel-macos-arm64, r-prerel-windows-x86_64, r-patched-linux-x86_64, r-release-linux-x86_64, r-release-macos-arm64, r-release-macos-x86_64, r-release-windows-x86_64, r-oldrel-macos-arm64, r-oldrel-windows-x86_64