CRAN Package Check Results for Package flexCWM

Last updated on 2024-05-24 06:04:38 CEST.

Flavor Version Tinstall Tcheck Ttotal Status Flags
r-devel-linux-x86_64-debian-clang 1.92 18.09 140.11 158.20 NOTE
r-devel-linux-x86_64-debian-gcc 1.92 13.63 103.39 117.02 NOTE
r-devel-linux-x86_64-fedora-clang 1.92 196.37 NOTE
r-devel-linux-x86_64-fedora-gcc 1.92 182.05 NOTE
r-devel-windows-x86_64 1.92 14.00 112.00 126.00 NOTE
r-patched-linux-x86_64 1.92 11.35 133.68 145.03 NOTE
r-release-linux-x86_64 1.92 11.38 132.99 144.37 NOTE
r-release-macos-arm64 1.92 53.00 NOTE
r-release-windows-x86_64 1.92 15.00 115.00 130.00 NOTE
r-oldrel-macos-arm64 1.92 59.00 OK
r-oldrel-macos-x86_64 1.92 92.00 OK
r-oldrel-windows-x86_64 1.92 21.00 132.00 153.00 OK

Check Details

Version: 1.92
Check: Rd files
Result: NOTE checkRd: (-1) cwm.Rd:93: Lost braces in \itemize; \value handles \item{}{} directly checkRd: (-1) cwm.Rd:94: Lost braces in \itemize; \value handles \item{}{} directly checkRd: (-1) cwm.Rd:95: Lost braces in \itemize; \value handles \item{}{} directly checkRd: (-1) cwm.Rd:96: Lost braces in \itemize; \value handles \item{}{} directly checkRd: (-1) cwm.Rd:97: Lost braces in \itemize; \value handles \item{}{} directly checkRd: (-1) cwm.Rd:98: Lost braces in \itemize; \value handles \item{}{} directly checkRd: (-1) cwm.Rd:99: Lost braces in \itemize; \value handles \item{}{} directly checkRd: (-1) cwm.Rd:100: Lost braces in \itemize; \value handles \item{}{} directly checkRd: (-1) cwm.Rd:101: Lost braces in \itemize; \value handles \item{}{} directly checkRd: (-1) cwm.Rd:102: Lost braces in \itemize; \value handles \item{}{} directly checkRd: (-1) cwm.Rd:103: Lost braces in \itemize; \value handles \item{}{} directly checkRd: (-1) cwm.Rd:105: Lost braces in \itemize; \value handles \item{}{} directly checkRd: (-1) cwm.Rd:106: Lost braces in \itemize; \value handles \item{}{} directly checkRd: (-1) cwm.Rd:107: Lost braces in \itemize; \value handles \item{}{} directly checkRd: (-1) cwm.Rd:108: Lost braces in \itemize; \value handles \item{}{} directly checkRd: (-1) cwm.Rd:110: Lost braces; missing escapes or markup? 110 | \item{\code{concomitant} {a list with estimated concomitant variables parameters for each mixture component}} | ^ checkRd: (-1) cwm.Rd:112: Lost braces in \itemize; \value handles \item{}{} directly checkRd: (-1) cwm.Rd:113: Lost braces in \itemize; \value handles \item{}{} directly checkRd: (-1) cwm.Rd:114: Lost braces in \itemize; \value handles \item{}{} directly checkRd: (-1) cwm.Rd:115: Lost braces in \itemize; \value handles \item{}{} directly checkRd: (-1) cwm.Rd:116: Lost braces in \itemize; \value handles \item{}{} directly checkRd: (-1) cwm.Rd:117: Lost braces in \itemize; \value handles \item{}{} directly checkRd: (-1) cwm.Rd:118: Lost braces in \itemize; \value handles \item{}{} directly Flavors: r-devel-linux-x86_64-debian-clang, r-devel-linux-x86_64-debian-gcc, r-devel-linux-x86_64-fedora-clang, r-devel-linux-x86_64-fedora-gcc, r-devel-windows-x86_64, r-patched-linux-x86_64, r-release-linux-x86_64, r-release-macos-arm64, r-release-windows-x86_64

Version: 1.92
Check: Rd cross-references
Result: NOTE Undeclared package ‘mixture’ in Rd xrefs Flavor: r-devel-linux-x86_64-fedora-clang