CRAN Package Check Results for Package flashlight

Last updated on 2021-04-18 00:47:40 CEST.

Flavor Version Tinstall Tcheck Ttotal Status Flags
r-devel-linux-x86_64-debian-clang 0.7.5 7.58 327.30 334.88 NOTE
r-devel-linux-x86_64-debian-gcc 0.7.5 6.23 220.74 226.97 NOTE
r-devel-linux-x86_64-fedora-clang 0.7.5 376.89 NOTE
r-devel-linux-x86_64-fedora-gcc 0.7.5 374.77 NOTE
r-devel-windows-ix86+x86_64 0.7.5 20.00 300.00 320.00 NOTE
r-devel-windows-x86_64-gcc10-UCRT 0.7.5 NOTE
r-patched-linux-x86_64 0.7.5 8.66 256.44 265.10 OK
r-patched-solaris-x86 0.7.5 420.00 OK
r-release-linux-x86_64 0.7.5 6.95 255.88 262.83 OK
r-release-macos-x86_64 0.7.5 OK
r-release-windows-ix86+x86_64 0.7.5 19.00 295.00 314.00 OK
r-oldrel-macos-x86_64 0.7.5 OK
r-oldrel-windows-ix86+x86_64 0.7.5 10.00 303.00 313.00 OK

Check Details

Version: 0.7.5
Check: LazyData
Result: NOTE
     'LazyData' is specified without a 'data' directory
Flavors: r-devel-linux-x86_64-debian-clang, r-devel-linux-x86_64-debian-gcc, r-devel-linux-x86_64-fedora-clang, r-devel-linux-x86_64-fedora-gcc, r-devel-windows-ix86+x86_64, r-devel-windows-x86_64-gcc10-UCRT