CRAN Package Check Results for Package fitODBOD

Last updated on 2021-06-25 11:52:27 CEST.

Flavor Version Tinstall Tcheck Ttotal Status Flags
r-devel-linux-x86_64-debian-clang 1.4.1-1 12.21 159.83 172.04 OK
r-devel-linux-x86_64-debian-gcc 1.4.1-1 8.53 112.11 120.64 OK
r-devel-linux-x86_64-fedora-clang 1.4.1-1 200.38 NOTE
r-devel-linux-x86_64-fedora-gcc 1.4.1-1 195.25 OK
r-devel-windows-x86_64 1.4.1-1 15.00 161.00 176.00 OK
r-devel-windows-x86_64-gcc10-UCRT 1.4.1-1 OK
r-patched-linux-x86_64 1.4.1-1 9.84 150.86 160.70 OK
r-patched-solaris-x86 1.4.1-1 242.90 OK
r-release-linux-x86_64 1.4.1-1 9.60 152.61 162.21 OK
r-release-macos-arm64 1.4.1-1 OK
r-release-macos-x86_64 1.4.1-1 OK
r-release-windows-ix86+x86_64 1.4.1-1 16.00 161.00 177.00 OK
r-oldrel-macos-x86_64 1.4.1-1 OK
r-oldrel-windows-ix86+x86_64 1.4.1-1 16.00 200.00 216.00 OK

Check Details

Version: 1.4.1-1
Check: Rd cross-references
Result: NOTE
    Undeclared packages ‘BinaryEPPM’, ‘extraDistr’, ‘triangle’ in Rd xrefs
Flavor: r-devel-linux-x86_64-fedora-clang