CRAN Package Check Results for Package finnsurveytext

Last updated on 2024-04-19 18:05:26 CEST.

Flavor Version Tinstall Tcheck Ttotal Status Flags
r-devel-linux-x86_64-debian-clang 1.0.0 7.21 88.35 95.56 OK
r-devel-linux-x86_64-debian-gcc 1.0.0 OK
r-devel-linux-x86_64-fedora-clang 1.0.0 117.85 NOTE
r-devel-linux-x86_64-fedora-gcc 1.0.0 127.10 NOTE
r-prerel-macos-arm64 1.0.0 42.00 OK
r-prerel-macos-x86_64 1.0.0 88.00 OK
r-prerel-windows-x86_64 1.0.0 11.00 105.00 116.00 OK
r-patched-linux-x86_64 1.0.0 6.51 86.08 92.59 OK
r-release-linux-x86_64 1.0.0 6.49 87.31 93.80 OK
r-release-macos-arm64 1.0.0 54.00 OK
r-release-macos-x86_64 1.0.0 87.00 OK
r-release-windows-x86_64 1.0.0 14.00 113.00 127.00 OK
r-oldrel-macos-arm64 1.0.0 41.00 OK
r-oldrel-windows-x86_64 1.0.0 14.00 109.00 123.00 OK

Check Details

Version: 1.0.0
Check: data for non-ASCII characters
Result: NOTE Note: found 68047 marked UTF-8 strings Flavors: r-devel-linux-x86_64-fedora-clang, r-devel-linux-x86_64-fedora-gcc