CRAN Package Check Results for Package finbipartite

Last updated on 2024-05-25 05:52:24 CEST.

Flavor Version Tinstall Tcheck Ttotal Status Flags
r-devel-linux-x86_64-debian-clang 0.1.0 4.82 68.35 73.17 OK
r-devel-linux-x86_64-debian-gcc 0.1.0 5.07 49.27 54.34 OK
r-devel-linux-x86_64-fedora-clang 0.1.0 91.95 NOTE
r-devel-linux-x86_64-fedora-gcc 0.1.0 89.13 NOTE
r-devel-windows-x86_64 0.1.0 7.00 64.00 71.00 OK
r-patched-linux-x86_64 0.1.0 5.64 64.52 70.16 OK
r-release-linux-x86_64 0.1.0 7.10 63.79 70.89 OK
r-release-macos-arm64 0.1.0 26.00 OK
r-release-macos-x86_64 0.1.0 60.00 OK
r-release-windows-x86_64 0.1.0 7.00 67.00 74.00 OK
r-oldrel-macos-arm64 0.1.0 34.00 OK
r-oldrel-macos-x86_64 0.1.0 47.00 OK
r-oldrel-windows-x86_64 0.1.0 9.00 83.00 92.00 OK

Check Details

Version: 0.1.0
Check: dependencies in R code
Result: NOTE Namespace in Imports field not imported from: ‘mvtnorm’ All declared Imports should be used. Flavors: r-devel-linux-x86_64-fedora-clang, r-devel-linux-x86_64-fedora-gcc