CRAN Package Check Results for Package ff

Last updated on 2019-11-18 10:48:14 CET.

Flavor Version Tinstall Tcheck Ttotal Status Flags
r-devel-linux-x86_64-debian-clang 2.2-14 42.55 83.66 126.21 OK
r-devel-linux-x86_64-debian-gcc 2.2-14 33.36 65.92 99.28 OK
r-devel-linux-x86_64-fedora-clang 2.2-14 159.19 NOTE
r-devel-linux-x86_64-fedora-gcc 2.2-14 153.84 NOTE
r-devel-windows-ix86+x86_64 2.2-14 114.00 160.00 274.00 OK
r-patched-linux-x86_64 2.2-14 35.37 80.73 116.10 OK
r-patched-solaris-x86 2.2-14 212.70 OK
r-release-linux-x86_64 2.2-14 36.25 82.01 118.26 OK
r-release-windows-ix86+x86_64 2.2-14 96.00 157.00 253.00 OK
r-release-osx-x86_64 2.2-14 OK
r-oldrel-windows-ix86+x86_64 2.2-14 128.00 142.00 270.00 OK
r-oldrel-osx-x86_64 2.2-14 OK

Check Details

Version: 2.2-14
Check: compiled code
Result: NOTE
    File ‘ff/libs/ff.so’:
     Found no call to: ‘R_useDynamicSymbols’
    
    It is good practice to register native routines and to disable symbol
    search.
    
    See ‘Writing portable packages’ in the ‘Writing R Extensions’ manual.
Flavors: r-devel-linux-x86_64-fedora-clang, r-devel-linux-x86_64-fedora-gcc