CRAN Package Check Results for Package fastGLCM

Last updated on 2024-05-29 11:52:35 CEST.

Flavor Version Tinstall Tcheck Ttotal Status Flags
r-devel-linux-x86_64-debian-clang 1.0.2 51.11 56.46 107.57 NOTE
r-devel-linux-x86_64-debian-gcc 1.0.2 36.75 44.18 80.93 NOTE
r-devel-linux-x86_64-fedora-clang 1.0.2 149.16 NOTE
r-devel-linux-x86_64-fedora-gcc 1.0.2 168.20 NOTE
r-devel-windows-x86_64 1.0.2 39.00 100.00 139.00 NOTE
r-patched-linux-x86_64 1.0.2 41.64 57.17 98.81 NOTE
r-release-linux-x86_64 1.0.2 41.21 58.03 99.24 NOTE
r-release-macos-arm64 1.0.2 45.00 NOTE
r-release-windows-x86_64 1.0.2 40.00 97.00 137.00 NOTE
r-oldrel-macos-arm64 1.0.2 51.00 NOTE
r-oldrel-macos-x86_64 1.0.2 79.00 NOTE
r-oldrel-windows-x86_64 1.0.2 49.00 106.00 155.00 NOTE

Check Details

Version: 1.0.2
Check: C++ specification
Result: NOTE Specified C++11: please drop specification unless essential Flavors: r-devel-linux-x86_64-debian-clang, r-devel-linux-x86_64-debian-gcc, r-devel-linux-x86_64-fedora-clang, r-devel-linux-x86_64-fedora-gcc, r-devel-windows-x86_64, r-patched-linux-x86_64, r-release-linux-x86_64, r-release-macos-arm64, r-release-windows-x86_64, r-oldrel-macos-arm64, r-oldrel-macos-x86_64, r-oldrel-windows-x86_64

Version: 1.0.2
Check: installed package size
Result: NOTE installed size is 5.6Mb sub-directories of 1Mb or more: images 3.1Mb libs 1.3Mb Flavors: r-devel-windows-x86_64, r-release-macos-arm64, r-release-windows-x86_64, r-oldrel-macos-arm64, r-oldrel-macos-x86_64, r-oldrel-windows-x86_64