CRAN Package Check Results for Package fastDummies

Last updated on 2021-04-21 11:53:28 CEST.

Flavor Version Tinstall Tcheck Ttotal Status Flags
r-devel-linux-x86_64-debian-clang 1.6.3 2.53 34.12 36.65 NOTE
r-devel-linux-x86_64-debian-gcc 1.6.3 1.84 25.97 27.81 NOTE
r-devel-linux-x86_64-fedora-clang 1.6.3 52.47 NOTE
r-devel-linux-x86_64-fedora-gcc 1.6.3 42.93 NOTE
r-devel-windows-ix86+x86_64 1.6.3 6.00 41.00 47.00 NOTE
r-devel-windows-x86_64-gcc10-UCRT 1.6.3 NOTE
r-patched-linux-x86_64 1.6.3 2.40 33.01 35.41 OK
r-patched-solaris-x86 1.6.3 66.80 OK
r-release-linux-x86_64 1.6.3 2.31 33.00 35.31 OK
r-release-macos-x86_64 1.6.3 OK
r-release-windows-ix86+x86_64 1.6.3 6.00 49.00 55.00 OK
r-oldrel-macos-x86_64 1.6.3 OK
r-oldrel-windows-ix86+x86_64 1.6.3 16.00 47.00 63.00 OK

Check Details

Version: 1.6.3
Check: LazyData
Result: NOTE
     'LazyData' is specified without a 'data' directory
Flavors: r-devel-linux-x86_64-debian-clang, r-devel-linux-x86_64-debian-gcc, r-devel-linux-x86_64-fedora-clang, r-devel-linux-x86_64-fedora-gcc, r-devel-windows-ix86+x86_64, r-devel-windows-x86_64-gcc10-UCRT