CRAN Package Check Results for Package farver

Last updated on 2020-09-27 17:49:22 CEST.

Flavor Version Tinstall Tcheck Ttotal Status Flags
r-devel-linux-x86_64-debian-clang 2.0.3 29.34 22.72 52.06 OK
r-devel-linux-x86_64-debian-gcc 2.0.3 25.25 18.02 43.27 OK
r-devel-linux-x86_64-fedora-clang 2.0.3 81.35 NOTE
r-devel-linux-x86_64-fedora-gcc 2.0.3 71.47 OK
r-devel-windows-ix86+x86_64 2.0.3 72.00 60.00 132.00 OK
r-patched-linux-x86_64 2.0.3 27.29 22.07 49.36 OK
r-patched-solaris-x86 2.0.3 108.20 OK
r-release-linux-x86_64 2.0.3 27.66 22.13 49.79 OK
r-release-macos-x86_64 2.0.3 OK
r-release-windows-ix86+x86_64 2.0.3 65.00 60.00 125.00 OK
r-oldrel-macos-x86_64 2.0.3 OK
r-oldrel-windows-ix86+x86_64 2.0.3 89.00 62.00 151.00 OK

Check Details

Version: 2.0.3
Check: installed package size
Result: NOTE
     installed size is 5.1Mb
     sub-directories of 1Mb or more:
     help 1.6Mb
     libs 3.5Mb
Flavor: r-devel-linux-x86_64-fedora-clang