CRAN Package Check Results for Package farrell

Last updated on 2021-05-09 17:46:48 CEST.

Flavor Version Tinstall Tcheck Ttotal Status Flags
r-devel-linux-x86_64-debian-clang 0.2.1 2.59 25.44 28.03 NOTE
r-devel-linux-x86_64-debian-gcc 0.2.1 2.07 19.79 21.86 NOTE
r-devel-linux-x86_64-fedora-clang 0.2.1 43.09 NOTE
r-devel-linux-x86_64-fedora-gcc 0.2.1 33.51 NOTE
r-devel-windows-ix86+x86_64 0.2.1 6.00 42.00 48.00 NOTE
r-devel-windows-x86_64-gcc10-UCRT 0.2.1 NOTE
r-patched-linux-x86_64 0.2.1 2.66 24.57 27.23 NOTE
r-patched-solaris-x86 0.2.1 51.60 NOTE
r-release-linux-x86_64 0.2.1 2.41 24.64 27.05 OK
r-release-macos-x86_64 0.2.1 NOTE
r-release-windows-ix86+x86_64 0.2.1 6.00 31.00 37.00 OK
r-oldrel-macos-x86_64 0.2.1 NOTE
r-oldrel-windows-ix86+x86_64 0.2.1 5.00 38.00 43.00 OK

Check Details

Version: 0.2.1
Check: LazyData
Result: NOTE
     'LazyData' is specified without a 'data' directory
Flavors: r-devel-linux-x86_64-debian-clang, r-devel-linux-x86_64-debian-gcc, r-devel-linux-x86_64-fedora-clang, r-devel-linux-x86_64-fedora-gcc, r-devel-windows-ix86+x86_64, r-devel-windows-x86_64-gcc10-UCRT, r-patched-linux-x86_64

Version: 0.2.1
Check: dependencies in R code
Result: NOTE
    Namespace in Imports field not imported from: ‘rlang’
     All declared Imports should be used.
Flavors: r-devel-linux-x86_64-fedora-clang, r-devel-linux-x86_64-fedora-gcc, r-devel-windows-x86_64-gcc10-UCRT, r-patched-solaris-x86, r-release-macos-x86_64, r-oldrel-macos-x86_64