CRAN Package Check Results for Package fancycut

Last updated on 2024-04-22 17:56:48 CEST.

Flavor Version Tinstall Tcheck Ttotal Status Flags
r-devel-linux-x86_64-debian-clang 0.1.2 1.85 22.38 24.23 NOTE
r-devel-linux-x86_64-debian-gcc 0.1.2 1.53 17.48 19.01 NOTE
r-devel-linux-x86_64-fedora-clang 0.1.2 31.35 NOTE
r-devel-linux-x86_64-fedora-gcc 0.1.2 29.78 NOTE
r-prerel-macos-arm64 0.1.2 14.00 NOTE
r-prerel-windows-x86_64 0.1.2 2.00 39.00 41.00 NOTE
r-patched-linux-x86_64 0.1.2 1.82 21.89 23.71 NOTE
r-release-linux-x86_64 0.1.2 1.48 21.03 22.51 NOTE
r-release-macos-arm64 0.1.2 15.00 NOTE
r-release-macos-x86_64 0.1.2 21.00 NOTE
r-release-windows-x86_64 0.1.2 3.00 40.00 43.00 NOTE
r-oldrel-macos-arm64 0.1.2 15.00 NOTE
r-oldrel-windows-x86_64 0.1.2 3.00 43.00 46.00 NOTE

Check Details

Version: 0.1.2
Check: LazyData
Result: NOTE 'LazyData' is specified without a 'data' directory Flavors: r-devel-linux-x86_64-debian-clang, r-devel-linux-x86_64-debian-gcc, r-devel-linux-x86_64-fedora-clang, r-devel-linux-x86_64-fedora-gcc, r-prerel-macos-arm64, r-prerel-windows-x86_64, r-patched-linux-x86_64, r-release-linux-x86_64, r-release-macos-arm64, r-release-macos-x86_64, r-release-windows-x86_64, r-oldrel-macos-arm64, r-oldrel-windows-x86_64