Last updated on 2021-04-22 11:50:14 CEST.
Flavor | Version | Tinstall | Tcheck | Ttotal | Status | Flags |
---|---|---|---|---|---|---|
r-devel-linux-x86_64-debian-clang | 0.1.5 | 7.41 | 63.15 | 70.56 | NOTE | |
r-devel-linux-x86_64-debian-gcc | 0.1.5 | 5.56 | 47.37 | 52.93 | NOTE | |
r-devel-linux-x86_64-fedora-clang | 0.1.5 | 92.05 | NOTE | |||
r-devel-linux-x86_64-fedora-gcc | 0.1.5 | 81.00 | NOTE | |||
r-devel-windows-ix86+x86_64 | 0.1.5 | 17.00 | 85.00 | 102.00 | NOTE | |
r-devel-windows-x86_64-gcc10-UCRT | 0.1.5 | NOTE | ||||
r-patched-linux-x86_64 | 0.1.5 | 7.76 | 59.74 | 67.50 | OK | |
r-patched-solaris-x86 | 0.1.5 | 121.20 | OK | |||
r-release-linux-x86_64 | 0.1.5 | 7.34 | 59.00 | 66.34 | OK | |
r-release-macos-x86_64 | 0.1.5 | OK | ||||
r-release-windows-ix86+x86_64 | 0.1.5 | 18.00 | 61.00 | 79.00 | OK | |
r-oldrel-macos-x86_64 | 0.1.5 | OK | ||||
r-oldrel-windows-ix86+x86_64 | 0.1.5 | 14.00 | 77.00 | 91.00 | OK |
Version: 0.1.5
Check: LazyData
Result: NOTE
'LazyData' is specified without a 'data' directory
Flavors: r-devel-linux-x86_64-debian-clang, r-devel-linux-x86_64-debian-gcc, r-devel-linux-x86_64-fedora-clang, r-devel-linux-x86_64-fedora-gcc, r-devel-windows-ix86+x86_64, r-devel-windows-x86_64-gcc10-UCRT