Last updated on 2021-04-19 05:46:57 CEST.
Flavor | Version | Tinstall | Tcheck | Ttotal | Status | Flags |
---|---|---|---|---|---|---|
r-devel-linux-x86_64-debian-clang | 2.1.0 | 2.13 | 27.68 | 29.81 | NOTE | |
r-devel-linux-x86_64-debian-gcc | 2.1.0 | 1.85 | 22.01 | 23.86 | NOTE | |
r-devel-linux-x86_64-fedora-clang | 2.1.0 | 45.97 | NOTE | |||
r-devel-linux-x86_64-fedora-gcc | 2.1.0 | 37.65 | NOTE | |||
r-devel-windows-ix86+x86_64 | 2.1.0 | 9.00 | 36.00 | 45.00 | NOTE | |
r-devel-windows-x86_64-gcc10-UCRT | 2.1.0 | NOTE | ||||
r-patched-linux-x86_64 | 2.1.0 | 2.18 | 26.63 | 28.81 | OK | |
r-patched-solaris-x86 | 2.1.0 | 54.40 | OK | |||
r-release-linux-x86_64 | 2.1.0 | 2.28 | 26.51 | 28.79 | OK | |
r-release-macos-x86_64 | 2.1.0 | OK | ||||
r-release-windows-ix86+x86_64 | 2.1.0 | 7.00 | 48.00 | 55.00 | OK | |
r-oldrel-macos-x86_64 | 2.1.0 | OK | ||||
r-oldrel-windows-ix86+x86_64 | 2.1.0 | 4.00 | 46.00 | 50.00 | OK |
Version: 2.1.0
Check: LazyData
Result: NOTE
'LazyData' is specified without a 'data' directory
Flavors: r-devel-linux-x86_64-debian-clang, r-devel-linux-x86_64-debian-gcc, r-devel-linux-x86_64-fedora-clang, r-devel-linux-x86_64-fedora-gcc, r-devel-windows-ix86+x86_64, r-devel-windows-x86_64-gcc10-UCRT