CRAN Package Check Results for Package extRC

Last updated on 2024-05-21 11:53:32 CEST.

Flavor Version Tinstall Tcheck Ttotal Status Flags
r-devel-linux-x86_64-debian-clang 1.2 2.53 36.51 39.04 NOTE
r-devel-linux-x86_64-debian-gcc 1.2 1.89 27.61 29.50 NOTE
r-devel-linux-x86_64-fedora-clang 1.2 51.84 NOTE
r-devel-linux-x86_64-fedora-gcc 1.2 45.46 NOTE
r-devel-windows-x86_64 1.2 4.00 49.00 53.00 NOTE
r-patched-linux-x86_64 1.2 2.18 34.59 36.77 NOTE
r-release-linux-x86_64 1.2 2.65 34.88 37.53 NOTE
r-release-macos-arm64 1.2 18.00 NOTE
r-release-windows-x86_64 1.2 3.00 50.00 53.00 NOTE
r-oldrel-macos-arm64 1.2 18.00 OK
r-oldrel-macos-x86_64 1.2 27.00 OK
r-oldrel-windows-x86_64 1.2 4.00 51.00 55.00 OK

Check Details

Version: 1.2
Check: Rd files
Result: NOTE checkRd: (-1) MatIn.Rd:6: Lost braces 6 | Computation of aggregation matrices for generalized interactions that are used in code{\link{extRC}} to estimate extended RC models. | ^ checkRd: (-1) plot.Rd:5: Lost braces 5 | \description{It plots the output of code{\link{extRC}} function for a vector of lambda values.} | ^ checkRd: (-1) print.Rd:5: Lost braces 5 | \description{Given the output of code{\link{extRC}} function, it is written in a readable form.} | ^ checkRd: (-1) summary.Rd:5: Lost braces 5 | \description{Summary method for the output of code{\link{extRC}} function.} | ^ Flavors: r-devel-linux-x86_64-debian-clang, r-devel-linux-x86_64-debian-gcc, r-devel-linux-x86_64-fedora-clang, r-devel-linux-x86_64-fedora-gcc, r-devel-windows-x86_64, r-patched-linux-x86_64, r-release-linux-x86_64, r-release-macos-arm64, r-release-windows-x86_64