CRAN Package Check Results for Package ewoc

Last updated on 2021-04-22 11:50:14 CEST.

Flavor Version Tinstall Tcheck Ttotal Status Flags
r-devel-linux-x86_64-debian-clang 0.3.0 6.92 64.55 71.47 NOTE
r-devel-linux-x86_64-debian-gcc 0.3.0 4.75 48.72 53.47 NOTE
r-devel-linux-x86_64-fedora-clang 0.3.0 92.15 NOTE
r-devel-linux-x86_64-fedora-gcc 0.3.0 82.38 NOTE
r-devel-windows-ix86+x86_64 0.3.0 17.00 111.00 128.00 NOTE
r-devel-windows-x86_64-gcc10-UCRT 0.3.0 NOTE
r-patched-linux-x86_64 0.3.0 6.17 59.58 65.75 OK
r-patched-solaris-x86 0.3.0 134.30 NOTE
r-release-linux-x86_64 0.3.0 6.34 58.90 65.24 OK
r-release-macos-x86_64 0.3.0 NOTE
r-release-windows-ix86+x86_64 0.3.0 17.00 90.00 107.00 OK
r-oldrel-macos-x86_64 0.3.0 NOTE
r-oldrel-windows-ix86+x86_64 0.3.0 35.00 102.00 137.00 OK

Check Details

Version: 0.3.0
Check: LazyData
Result: NOTE
     'LazyData' is specified without a 'data' directory
Flavors: r-devel-linux-x86_64-debian-clang, r-devel-linux-x86_64-debian-gcc, r-devel-linux-x86_64-fedora-clang, r-devel-linux-x86_64-fedora-gcc, r-devel-windows-ix86+x86_64, r-devel-windows-x86_64-gcc10-UCRT

Version: 0.3.0
Check: dependencies in R code
Result: NOTE
    Namespace in Imports field not imported from: ‘parallel’
     All declared Imports should be used.
Flavors: r-devel-linux-x86_64-fedora-clang, r-devel-linux-x86_64-fedora-gcc, r-devel-windows-x86_64-gcc10-UCRT, r-patched-solaris-x86, r-release-macos-x86_64, r-oldrel-macos-x86_64