CRAN Package Check Results for Package ether

Last updated on 2021-05-08 05:57:05 CEST.

Flavor Version Tinstall Tcheck Ttotal Status Flags
r-devel-linux-x86_64-debian-clang 0.1.6 6.54 62.01 68.55 NOTE
r-devel-linux-x86_64-debian-gcc 0.1.6 5.40 46.28 51.68 NOTE
r-devel-linux-x86_64-fedora-clang 0.1.6 90.96 NOTE
r-devel-linux-x86_64-fedora-gcc 0.1.6 79.22 NOTE
r-devel-windows-ix86+x86_64 0.1.6 13.00 86.00 99.00 NOTE
r-devel-windows-x86_64-gcc10-UCRT 0.1.6 NOTE
r-patched-linux-x86_64 0.1.6 6.76 58.80 65.56 NOTE
r-patched-solaris-x86 0.1.6 112.20 OK
r-release-linux-x86_64 0.1.6 5.69 56.23 61.92 OK
r-release-macos-x86_64 0.1.6 OK
r-release-windows-ix86+x86_64 0.1.6 11.00 61.00 72.00 OK
r-oldrel-macos-x86_64 0.1.6 OK
r-oldrel-windows-ix86+x86_64 0.1.6 14.00 80.00 94.00 OK

Check Details

Version: 0.1.6
Check: LazyData
Result: NOTE
     'LazyData' is specified without a 'data' directory
Flavors: r-devel-linux-x86_64-debian-clang, r-devel-linux-x86_64-debian-gcc, r-devel-linux-x86_64-fedora-clang, r-devel-linux-x86_64-fedora-gcc, r-devel-windows-ix86+x86_64, r-devel-windows-x86_64-gcc10-UCRT, r-patched-linux-x86_64