CRAN Package Check Results for Package estimraw

Last updated on 2024-04-19 11:56:44 CEST.

Flavor Version Tinstall Tcheck Ttotal Status Flags
r-devel-linux-x86_64-debian-clang 1.0.0 5.22 42.03 47.25 NOTE
r-devel-linux-x86_64-debian-gcc 1.0.0 NOTE
r-devel-linux-x86_64-fedora-clang 1.0.0 59.79 NOTE
r-devel-linux-x86_64-fedora-gcc 1.0.0 54.94 NOTE
r-prerel-macos-arm64 1.0.0 19.00 NOTE
r-prerel-windows-x86_64 1.0.0 5.00 49.00 54.00 NOTE
r-patched-linux-x86_64 1.0.0 4.36 40.16 44.52 NOTE
r-release-linux-x86_64 1.0.0 3.95 41.38 45.33 NOTE
r-release-macos-arm64 1.0.0 21.00 NOTE
r-release-macos-x86_64 1.0.0 32.00 NOTE
r-release-windows-x86_64 1.0.0 7.00 54.00 61.00 NOTE
r-oldrel-macos-arm64 1.0.0 21.00 NOTE
r-oldrel-windows-x86_64 1.0.0 7.00 59.00 66.00 NOTE

Check Details

Version: 1.0.0
Check: LazyData
Result: NOTE 'LazyData' is specified without a 'data' directory Flavors: r-devel-linux-x86_64-debian-clang, r-devel-linux-x86_64-debian-gcc, r-devel-linux-x86_64-fedora-clang, r-devel-linux-x86_64-fedora-gcc, r-prerel-macos-arm64, r-prerel-windows-x86_64, r-patched-linux-x86_64, r-release-linux-x86_64, r-release-macos-arm64, r-release-macos-x86_64, r-release-windows-x86_64, r-oldrel-macos-arm64, r-oldrel-windows-x86_64