CRAN Package Check Results for Package es.dif

Last updated on 2024-04-15 17:54:52 CEST.

Flavor Version Tinstall Tcheck Ttotal Status Flags
r-devel-linux-x86_64-debian-clang 1.0.2 1.93 23.97 25.90 NOTE
r-devel-linux-x86_64-debian-gcc 1.0.2 1.93 18.20 20.13 NOTE
r-devel-linux-x86_64-fedora-clang 1.0.2 33.04 NOTE
r-devel-linux-x86_64-fedora-gcc 1.0.2 31.02 NOTE
r-prerel-macos-arm64 1.0.2 14.00 NOTE
r-prerel-windows-x86_64 1.0.2 3.00 42.00 45.00 NOTE
r-patched-linux-x86_64 1.0.2 2.56 22.68 25.24 NOTE
r-release-linux-x86_64 1.0.2 2.17 22.25 24.42 NOTE
r-release-macos-arm64 1.0.2 16.00 NOTE
r-release-macos-x86_64 1.0.2 19.00 NOTE
r-release-windows-x86_64 1.0.2 3.00 40.00 43.00 NOTE
r-oldrel-macos-arm64 1.0.2 15.00 NOTE
r-oldrel-windows-x86_64 1.0.2 6.00 49.00 55.00 NOTE

Check Details

Version: 1.0.2
Check: LazyData
Result: NOTE 'LazyData' is specified without a 'data' directory Flavors: r-devel-linux-x86_64-debian-clang, r-devel-linux-x86_64-debian-gcc, r-devel-linux-x86_64-fedora-clang, r-devel-linux-x86_64-fedora-gcc, r-prerel-macos-arm64, r-prerel-windows-x86_64, r-patched-linux-x86_64, r-release-linux-x86_64, r-release-macos-arm64, r-release-macos-x86_64, r-release-windows-x86_64, r-oldrel-macos-arm64, r-oldrel-windows-x86_64