CRAN Package Check Results for Package equateMultiple

Last updated on 2019-03-19 16:51:27 CET.

Flavor Version Tinstall Tcheck Ttotal Status Flags
r-devel-linux-x86_64-debian-clang 0.0.0 34.70 121.62 156.32 NOTE
r-devel-linux-x86_64-debian-gcc 0.0.0 32.16 96.14 128.30 NOTE
r-devel-linux-x86_64-fedora-clang 0.0.0 211.39 NOTE
r-devel-linux-x86_64-fedora-gcc 0.0.0 195.71 NOTE
r-devel-windows-ix86+x86_64 0.0.0 95.00 225.00 320.00 OK
r-patched-linux-x86_64 0.0.0 31.16 118.89 150.05 OK
r-patched-solaris-x86 0.0.0 374.10 OK
r-release-linux-x86_64 0.0.0 35.11 118.96 154.07 OK
r-release-windows-ix86+x86_64 0.0.0 73.00 181.00 254.00 OK
r-release-osx-x86_64 0.0.0 OK
r-oldrel-windows-ix86+x86_64 0.0.0 100.00 298.00 398.00 OK
r-oldrel-osx-x86_64 0.0.0 OK

Check Details

Version: 0.0.0
Check: use of SHLIB_OPENMP_*FLAGS in Makefiles
Result: NOTE
     src/Makevars: SHLIB_OPENMP_CXXFLAGS is included in PKG_CXXFLAGS but not in PKG_LIBS
     src/Makevars: SHLIB_OPENMP_CFLAGS is included in PKG_LIBS but linking is by C++
     src/Makevars.win: SHLIB_OPENMP_CXXFLAGS is included in PKG_CXXFLAGS but not in PKG_LIBS
     src/Makevars.win: SHLIB_OPENMP_CFLAGS is included in PKG_LIBS but linking is by C++
    Use of these macros is discussed in sect 1.2.1.1 of 'Writing R
    Extensions'. The macros for different languages may differ so the
    matching macro must be used in PKG_CXXFLAGS (etc) and match that used
    in PKG_LIBS (except for Fortran: see the manual).
Flavors: r-devel-linux-x86_64-debian-clang, r-devel-linux-x86_64-debian-gcc, r-devel-linux-x86_64-fedora-clang, r-devel-linux-x86_64-fedora-gcc