CRAN Package Check Results for Package epidata

Last updated on 2021-04-22 11:50:14 CEST.

Flavor Version Tinstall Tcheck Ttotal Status Flags
r-devel-linux-x86_64-debian-clang 0.4.0 6.14 55.82 61.96 OK
r-devel-linux-x86_64-debian-gcc 0.4.0 4.15 41.62 45.77 OK
r-devel-linux-x86_64-fedora-clang 0.4.0 81.62 NOTE
r-devel-linux-x86_64-fedora-gcc 0.4.0 69.72 NOTE
r-devel-windows-ix86+x86_64 0.4.0 14.00 97.00 111.00 OK
r-devel-windows-x86_64-gcc10-UCRT 0.4.0 NOTE
r-patched-linux-x86_64 0.4.0 5.44 51.33 56.77 OK
r-patched-solaris-x86 0.4.0 106.80 NOTE
r-release-linux-x86_64 0.4.0 4.75 52.11 56.86 OK
r-release-macos-x86_64 0.4.0 NOTE
r-release-windows-ix86+x86_64 0.4.0 14.00 282.00 296.00 OK
r-oldrel-macos-x86_64 0.4.0 NOTE
r-oldrel-windows-ix86+x86_64 0.4.0 12.00 90.00 102.00 OK

Check Details

Version: 0.4.0
Check: dependencies in R code
Result: NOTE
    Namespace in Imports field not imported from: ‘tinytest’
     All declared Imports should be used.
Flavors: r-devel-linux-x86_64-fedora-clang, r-devel-linux-x86_64-fedora-gcc, r-devel-windows-x86_64-gcc10-UCRT, r-patched-solaris-x86, r-release-macos-x86_64, r-oldrel-macos-x86_64